me factors of (2 - (-26)/(-10))*j?
3
Let p(h) = -6 - 3*h**2 - 3*h + 4*h**2 - 4*h - 2*h**2. List the prime factors of p(-5).
2
Suppose -p - 8 = -3*p. Suppose -p*z + 90 + 66 = 0. List the prime factors of z.
3, 13
Suppose k = x + 145, 4*x + 431 = 3*k - 0*x. List the prime factors of k.
149
Suppose 3*i - 198 - 21 = 0. List the prime factors of i.
73
Let c = -6 - -39. Suppose -2*q - 4*k = -7*k - c, 4*q - 55 = -5*k. List the prime factors of q.
3, 5
Let f(y) = y**2 + 5*y + 2. Let n = 7 - 13. List the prime factors of f(n).
2
Let u(b) = b**3 + 6*b**2 - 9*b - 4. What are the prime factors of u(-7)?
2, 5
Let p = -158 - -99. Let o = 91 + p. What are the prime factors of o?
2
Let o be ((-88)/3)/((-1)/(-3)). Let f = o - -134. List the prime factors of f.
2, 23
Suppose -z + 4 = z. What are the prime factors of z/(-4)*(3 - 21)?
3
Let j(r) = 11*r - 4. Let b be j(9). Let d = -59 + b. Let f = -20 + d. List the prime factors of f.
2
Let n = 30 - 22. List the prime factors of n.
2
Suppose 3*v = 4*p - 5*p + 30, -p - v = -34. What are the prime factors of p?
2, 3
Let x(i) = 2*i**2 + 9*i + 32. List the prime factors of x(-14).
2, 149
Let c(o) = -o**3 + 7*o**2 + 2*o - 7. Let g(p) = -p - 3. Let x be g(-10). List the prime factors of c(x).
7
Suppose 48 - 228 = -5*b. What are the prime factors of b?
2, 3
Suppose -3*q + 2*q + 4 = 0. Suppose 4*r - 4 = -0. Let n = q + r. What are the prime factors of n?
5
Let o = -97 - -152. Let c = o + -37. List the prime factors of c.
2, 3
Let o(s) = s**2 - 6*s. Suppose -2*y - 3*y = -35. What are the prime factors of o(y)?
7
Suppose 4*b - 17 = b - m, 0 = -5*b + 4*m. Suppose 0 = -w + b + 6. What are the prime factors of w?
2, 5
List the prime factors of ((-10)/25)/((-1)/10).
2
Let q(a) = -a**3 + 8*a**2 + 1. List the prime factors of q(4).
5, 13
List the prime factors of (204/(-12))/(1/(-1)).
17
Let p(s) = s**2 - 3*s - 4. Suppose b = -3*j + 10, 5*j = b - 3*b + 18. Let f be j/5 + (-46)/(-10). What are the prime factors of p(f)?
2, 3
Let t be 2 - -2 - (1 - 0). What are the prime factors of (-2)/(t/((-27)/6))?
3
What are the prime factors of 8/24 + (-71)/(-3)?
2, 3
Suppose 4*x = -27 - 1. What are the prime factors of (7 - 0)*(-10)/x?
2, 5
What are the prime factors of (0 - -14)*(-36)/(-21)?
2, 3
Suppose r = -5*t + 695, -t = 2*t + 2*r - 424. What are the prime factors of t?
2, 3, 23
Let u = 17 + -10. Suppose g + 2 - u = 0. What are the prime factors of g?
5
Let b be 4*((-9)/(-6) - 2). Let y = -1 - b. Let o(z) = 10*z**2 - z. List the prime factors of o(y).
3
Let o(s) = s**3 + s. Suppose 5*t + 4 - 9 = 0. Let i(h) = 3*h**3 - 5*h**2 + 9*h + 5. Let b(a) = t*i(a) - 4*o(a). List the prime factors of b(-6).
11
Let k(w) = -w**2 - 9*w - 4. Let u be -6*((-10)/(-3) + -2). Let r be k(u). Suppose -g + r*g = 27. List the prime factors of g.
3
Let h(b) = -2*b**3 + 4*b + 3. Let n be h(-2). Let t = 20 + n. What are the prime factors of t?
31
Let k = -35 - -69. List the prime factors of k.
2, 17
Let v(u) = -3*u + 3. Let c be v(2). List the prime factors of (-9)/c - (-135)/3.
2, 3
Let w = 23 - 16. Suppose 0 = -f + 9 + w. List the prime factors of f.
2
Let x be 1/(9/(-6) + 2). Suppose -172 = -5*p - 2*s - 11, 0 = 4*p - x*s - 136. List the prime factors of p.
3, 11
Suppose -s = s. Suppose -5*f = -s*f - 15. What are the prime factors of 9 + 1 - 6/f?
2
Suppose -1 = 3*b - 7. What are the prime factors of b?
2
Suppose -84 = 4*z - 996. List the prime factors of z.
2, 3, 19
Let s = -3 - -2. Let a(j) = 28*j**2. What are the prime factors of a(s)?
2, 7
Let k = -15 - -31. What are the prime factors of k?
2
What are the prime factors of -1 - -4 - (1 - 28)?
2, 3, 5
Let u(c) = -3*c + 22. Let z(n) = n - 7. Let p(r) = 3*u(r) + 8*z(r). What are the prime factors of p(0)?
2, 5
Let a be (1 + -9)/(1/(-1)). Suppose 4*p - 4 - a = 0. Suppose -p = y - 11. List the prime factors of y.
2
Let q be (-3 + 0)*(-7)/3. Suppose -3*n - 20 = -q*n. List the prime factors of n.
5
Let u = -3 - -7. Suppose -2*c + u*y + 2 = -6, 8 = -2*c - 4*y. Suppose -3*v - v + 88 = c. List the prime factors of v.
2, 11
Let f(o) = 4*o**3 - 1. Let d be f(-1). Let z be (1 - 2 - d)*2. Suppose -3*k = -k - 5*a - 22, 2*a - z = -2*k. List the prime factors of k.
2, 3
Let v(o) = o**2 - o - 23. What are the prime factors of v(13)?
7, 19
List the prime factors of 6/27 + (-2644)/(-9).
2, 3, 7
Let f(q) = -q**2 - q + 1. Let v(s) = -s**3 + s**2 + 5*s + 2. Let z(r) = f(r) + v(r). Suppose 0*b = 2*b + 4. What are the prime factors of z(b)?
3
Suppose 33 + 7 = 5*g. Suppose -2*p + 3*f = 24, -3*p - 3*f - g = 13. List the prime factors of 1*(-1 + -1 - p).
7
Let x be (-2)/3 - (-30)/(-9). Let i = x + 3. What are the prime factors of 14*(i - (-26)/14)?
2, 3
Let l = 26 - 6. What are the prime factors of l?
2, 5
Let g = -31 + 52. List the prime factors of g.
3, 7
Suppose 5*w = -37 + 7. Let y(m) = -3*m. What are the prime factors of y(w)?
2, 3
Suppose -5*o + 90 = -3*o. Suppose 9*w - 6*w - o = 0. List the prime factors of w.
3, 5
Let j(q) = -5*q**3 - q**2. Let s be j(-1). Suppose 0 = s*i + i - 20. Suppose 4*d = i + 8. What are the prime factors of d?
3
Suppose k + 2*u - 18 = -3*k, 2*u = -5*k + 21. Let v(q) = q + 2. Let f be v(-1). Let j = k - f. What are the prime factors of j?
2
Let y = -69 - -117. List the prime factors of y.
2, 3
Let b(t) = t**3 - t**2 + 1. Let r be b(-1). Let h(k) = 4*k**2 - 2*k - 1. List the prime factors of h(r).
5
Suppose -6*p + 309 = 57. What are the prime factors of p?
2, 3, 7
Suppose -7*n + 2*n = -55. Let t(s) = -3 - 9*s**2 + 7*s + n - s**3 + s + s. What are the prime factors of t(-10)?
2, 3
Let b be (-1)/((-3)/(-6)) - 1. Let k be (8/b)/((-8)/12). Let n = 9 + k. List the prime factors of n.
13
Let w(l) = 11*l**2 - 4*l. Let j(u) = 3*u - 1 - 10*u**2 + 1. Let s(d) = -5*j(d) - 4*w(d). List the prime factors of s(-1).
5
Let o = 39 - 19. Let s be 5/o - (-15)/4. Suppose -s*l = -14 - 14. List the prime factors of l.
7
Suppose 5*n = 4*w - w + 1229, -5*n + 5*w + 1225 = 0. What are the prime factors of n?
13, 19
List the prime factors of 6/4 + 531/18.
31
Suppose -134 = c - 3*c. List the prime factors of c.
67
Let p be 2/8 - (-3)/(-12). Suppose 3*v - 2*v - 4 = p. Suppose -4*i + v*s + 84 = 0, 0 = -0*s + 3*s + 6. List the prime factors of i.
19
Let f(c) = -c**2 + 11*c + 2. Let r be f(11). Suppose 0 = 2*x + r*z - 42, 2*z - 24 = -0*x - x. Suppose 3*q - x = -0*q. What are the prime factors of q?
2, 3
Let w(v) = v**3 + 8*v**2 + 5*v - 9. Let u be 7*(-2 + 2/2). Let l be w(u). Suppose s - l = -3. What are the prime factors of s?
2
Let d = 50 - 24. What are the prime factors of d?
2, 13
Let b(m) = -2*m**3 - 5*m - 4. What are the prime factors of b(-2)?
2, 11
Suppose -2*v = h - 25 - 25, -94 = -4*v + h. List the prime factors of v.
2, 3
Suppose 0*i = 2*i. Suppose i = -d - 0*d + 59. What are the prime factors of d?
59
Let y be (-2)/7 + (-160)/28. List the prime factors of (y/(-6))/(2/12).
2, 3
Let y(z) = z**3 - 2*z**2 - 4*z + 4. Let l be y(3). What are the prime factors of 76/4 + -2 + l?
2, 3
Let p be (2 - (4 - 1)) + -1. List the prime factors of ((-5)/p)/(2/4).
5
Suppose -6*f + 2023 = 145. List the prime factors of f.
313
List the prime factors of (39/(-26))/((-1)/64).
2, 3
Suppose -r - 3*t - 12 = -5, 2*r - 3*t - 13 = 0. Let d = -2 + 6. What are the prime factors of 22*(r/d + 0)?
11
Let c(a) = a**2 - 2*a + 9. List the prime factors of c(4).
17
Let d(x) = 2 + 2*x - 5 + 4. List the prime factors of d(10).
3, 7
Let w = -16 - -5. Let h = -9 - w. List the prime factors of h.
2
Let m = 77 + -39. Suppose i - m = -i. List the prime factors of i.
19
List the prime factors of -1*(-77 + (-2 - -3)).
2, 19
Let w be (-2)/(-10) + 18/10. Suppose -w*u - 66 = -4*b + 6, -6 = -3*u. What are the prime factors of b?
19
Let j be (0 - -2) + -2 + -2. Let s(v) = -2*v**2 - 4*v - 2. Let q(z) = 2*z**2 + 4*z + 2. Let l(d) = -6*q(d) - 7*s(d). List the prime factors of l(j).
2
Let o be (-6 - -1)*(-2)/2. Let h(i) = -i**2 + 9*i + 1. Let s be h(8). Suppose -6*b + o*b + s = 0. List the prime factors of b.
3
Suppose 7*w - 12 = 3*w. Suppose -m - 1 = -l - 3*m, 4*l - 22 = m. Suppose -61 - l = -w*k. What are the prime factors of k?
2, 11
Suppose -2*f = 2*g - 0*f + 22, -4*g - 24 = -f. Let k = g - -11. Suppose -5*d - 5 = 0, 0 = -2*q + d + k*d + 47. List the prime factors of q.
3,